.
-5
Let f be (-6)/(4 - (-20)/(-8)). Let a(c) = -17*c**3 - 29*c**2 - 19*c - 19. Let r(p) = -5*p**3 - 9*p**2 - 6*p - 6. Let x(u) = 2*a(u) - 7*r(u). Determine x(f).
4
Let a(b) = b**3 - 7*b**2 + 5. Suppose 0 = -2*u - 6 + 20. Calculate a(u).
5
Let b(i) = 10*i - 1. Let j(m) = -m**3 + 6*m**2 + 10*m - 17. Let f be j(7). Suppose 4*u + f = -5*r + 5, r = -4*u - 3. Give b(u).
-11
Let k(j) = j**3 - 6*j**2 - 5*j + 10. Let q = 507 - 500. What is k(q)?
24
Let v(f) = f**3 + 7*f**2 + 2*f + 9. Let b(h) = 22*h + 213. Let s be b(-10). What is v(s)?
-5
Let s(n) be the second derivative of n**5/20 - n**4/2 + 3*n**3/2 - 2*n**2 - 189*n. Determine s(4).
0
Let q(v) = -4 + 3*v + 34 + 51 + 3. Determine q(-31).
-9
Let j be (-3 - (-35)/14)*6. Let k(c) = 2*c + 4. Determine k(j).
-2
Suppose -47*d - 9 = -48*d. Suppose -10*h = -h - d. Let g(w) = 2*w. Give g(h).
2
Let n(k) be the third derivative of -k**4/12 - 4*k**2. Let c be ((-2)/(-5))/(8/520*13). What is n(c)?
-4
Let b(s) be the second derivative of 3*s**2 + 1/3*s**3 + 0 - 4*s. Give b(-5).
-4
Let p(s) = -2*s**2 - s - 1. Let q(j) = -11*j**2 - 12*j + 5. Let y(o) = 5*p(o) - q(o). Calculate y(-8).
-2
Let q(u) = -4*u + 4. Suppose 3*p + 3*k = 99, 0 = -2*p - 0*k + 5*k + 31. Let i = p + -18. Let f be (-6)/i - 270/(-75). Give q(f).
-8
Let d = 23 + -20. Suppose 3*g + d*o = 21, 3*g - o = -g + 3. Let q(k) = -4*k + 1. Calculate q(g).
-7
Let t(v) be the third derivative of -v**7/2520 - v**6/80 - v**5/24 + 11*v**4/8 + 33*v**2. Let l(y) be the second derivative of t(y). Give l(-9).
-5
Let r = 336 - 335. Let u(o) = -2*o + 1. Determine u(r).
-1
Let u be -1 + 5/1 + -1. Let r(s) = 6 - u*s + 4*s - 1. Let d(o) = -2*o**3 - 14*o**2 + 38*o + 12. Let i be d(-9). What is r(i)?
-1
Let b(z) = -11*z + 6*z - 5 + 35 - 8*z + 9*z. What is b(7)?
2
Let d(w) = w**2 + 2*w + 3. Let b be 2/5 + 36/10 + 1. Let v(x) = 4*x - 23. Let z be v(b). Give d(z).
6
Let d be (-160)/(-15) + (1 - (-4)/(-6)). Let l(r) = -r**2 + 0*r**3 - r**3 + d*r - 10*r - r**3. Calculate l(2).
-18
Let j(c) = 4*c + 1. Let m(f) = -21*f + 28. Let b(o) = 6*j(o) + m(o). What is b(-10)?
4
Let m(a) = 15*a**3 + 9*a**2 + 7*a + 22. Let f(p) = -7*p**3 - 4*p**2 - 3*p - 10. Let g(k) = -13*f(k) - 6*m(k). Determine g(4).
18
Let i(h) be the third derivative of -h**5/60 - 5*h**4/24 + h**3/2 + 66*h**2 + 1. Let r be ((-2)/6)/(2/(-6)). Suppose 7 + r = -2*d. What is i(d)?
7
Let o(u) be the third derivative of -u**6/120 - u**5/20 + 5*u**4/24 + u**3/2 + 178*u**2 - 2. Suppose 0 = 5*s + 5*k + 10, -5*k = 2*s - 1 + 2. What is o(s)?
-12
Let b(g) = 14*g**3 - g**2 - g. Let i(u) = -u**3 - 11*u**2 - u - 12. Suppose -v - 4 - 7 = 0. Let y be i(v). Determine b(y).
-14
Let u(d) = -78 - 4*d + 0*d + 59 + 3*d. Calculate u(-10).
-9
Let a be 4 + (-69)/15 - 28/(-5). Let p(z) be the third derivative of 0*z**4 - 9*z**2 + 0*z - 1/120*z**6 - 1/15*z**a + 0 - 2/3*z**3. Give p(-4).
-4
Let i(z) be the second derivative of z**3/6 - 5*z**2/2 - 5*z + 7. Suppose 6*k = 8*k - 20. Determine i(k).
5
Let r(a) = -a**2 + a + 4. Let u = -8 + 11. Let b = 676 - 671. Suppose b*w = 5*f + 20, u*f + w + 16 = 5*w. Determine r(f).
4
Let q(o) = -o**3 + 4*o**2 - 59*o + 171. Let k be q(3). Let m(d) be the first derivative of 2*d**2 + 5 + k*d - 1/3*d**3. What is m(4)?
3
Let l be ((-4)/2)/((-14)/(-91)). Let w = l + 13. Let y(q) = -6 - q**2 - 5*q + 2*q + w. Determine y(-5).
-16
Let v(l) = -l + 1. Let j = -69 - -79. What is v(j)?
-9
Let q(j) = 6*j + 1. Let c(w) = 43*w + 8. Let s(m) = 3*c(m) - 21*q(m). Give s(3).
12
Let n(y) = 4 + 3*y**2 - 8 - 2*y**2. Let d(i) = i**3 + 8*i**2 - 9*i - 1. Let t be d(-9). Let b be 0/(-6)*t/(1 - 2). Determine n(b).
-4
Let d = -7 - -9. Let p(v) = -v**2 + 8*v - 10. Let t be p(6). Let n(i) = -1 - t*i**2 - 6 + 5 - d*i. Calculate n(-2).
-6
Let i(w) = w**3 - 4*w**2 + 2*w - 3. Let h be (-484)/(-55) - 4 - (-4)/(-5). What is i(h)?
5
Let t(x) = 10*x - 1. Let u(g) = -4*g - 9. Let y(v) = -v - 2. Let z(l) = -2*u(l) + 9*y(l). Let b be z(-1). What is t(b)?
9
Let i(o) be the first derivative of -o**2 - o + 263. Let s be 34/8 - 1/4. What is i(s)?
-9
Let z be (-27)/(-18)*(-4)/3. Let p(i) = -13*i. Calculate p(z).
26
Let z(c) be the first derivative of -c**2/2 + c - 83. Give z(8).
-7
Suppose -23 = -2*r - 13, -d + 4*r = 38. Let x be 12/d*(-9)/(-6). Let c(w) = 12*w - 1. What is c(x)?
-13
Let r(f) = 101*f**2 + 13*f - 11. Let d(b) = 34*b**2 + 5*b - 4. Let x(g) = 8*d(g) - 3*r(g). Calculate x(-1).
-31
Let d(h) = 0 - 2*h - 4 + 8. Let p be (2/3)/(2/72*8). Suppose p = -7*c + 38. What is d(c)?
-6
Let f be 2/(-6) + (-46)/(-3). Suppose 3*v + 3*u - 18 = -2*u, 3*v = -4*u + f. Let b(n) = -56 + 99 + 2*n + 49*n**2 - 44 - 51*n**2. Calculate b(v).
-1
Let j(v) = -v + 1. Let l be -6*(25/10)/(-1). Let i(n) = -4*n + 56. Let c be i(l). Determine j(c).
5
Let y = -87 + 159. Suppose -16*m = -4*m - y. Let x(z) = z**2 - 4*z - 6. Calculate x(m).
6
Let l(f) be the third derivative of -f**4/6 - 35*f**3/6 - 104*f**2 - f. What is l(-10)?
5
Let x(w) = -3*w**2 + 3*w**2 - 5*w**2 + 3*w**2 - 2 + 4*w**3 - 5*w**3. Let t be 2*1/(3 - 2). Suppose 4 + t = -3*i. Determine x(i).
-2
Let x(r) = -21*r + 3 + 11*r + 2*r**2 + 12*r. Calculate x(-2).
7
Suppose 0*f - 110 = -5*f. Let o be 2/6 + f/6. Let w(h) be the third derivative of h**6/120 - h**5/12 + 5*h**4/24 - h**3/3 - 2*h**2 - 341*h. Determine w(o).
2
Let t = 11 + -6. Suppose 15 = t*n - 5. Let j(u) be the second derivative of u**4/6 - u**3 + u**2/2 + u - 46. Give j(n).
9
Let j(u) = 2*u + 12. Let o be 2/3 + ((-34)/6 - 3). What is j(o)?
-4
Let g(w) = w**3 - 10*w**2 + 27*w - 13. Let j be g(6). Let x(n) = n**3 - 5*n**2 - 4. Calculate x(j).
-4
Let n(g) be the third derivative of g**4/24 + 2*g**3/3 + g**2. Suppose -5 = 3*r - 14. Suppose -2*m + 21 = 5*p, r*m - p = -5*p + 14. Calculate n(m).
2
Let o(f) be the first derivative of -f**4/4 - 2*f**3 - 5*f - 320. Suppose 20 = -4*n - 4. What is o(n)?
-5
Let i = -71 + 73. Suppose u + 3*z + 0*z + 9 = 0, 0 = i*u - 4*z - 22. Let l(a) = 7*a - 3. What is l(u)?
18
Let c(w) be the first derivative of -w**2/2 + 6*w - 79. Calculate c(12).
-6
Let g(x) be the second derivative of x**3/6 - 2*x**2 + 287*x. Determine g(3).
-1
Let a(h) = h**2 + 11*h - 6. Let u(m) = m - 1. Let j(b) = -a(b) + 5*u(b). Suppose 3*y = 5*x - 102, 3*x + 0*y - y = 58. Let k = 12 - x. Give j(k).
1
Let j = 68 - 68. Let t(f) = -f**3 - f**2 + 3. Determine t(j).
3
Let v(b) be the second derivative of b**6/90 + b**5/120 - b**4/24 + 5*b**3/6 + 10*b. Let r(o) be the second derivative of v(o). Give r(1).
4
Suppose -4*b = -5*t + 42, 3*t + 24 = 5*t - 4*b. Let o(v) = v**3 - 6*v**2 + 3*v - 1. Let p be o(t). Let g = 17 - p. Let i(z) = z**2 - z - 5. Determine i(g).
-5
Let m(n) be the first derivative of 4*n**2 - 4*n + 196. Give m(1).
4
Let i(q) be the first derivative of 2*q**2 - 33. Give i(-2).
-8
Let s be (30 + -24)*(-2)/6. Let a(t) = -t**3 + 1. Determine a(s).
9
Let c be (2 - 3) + (-916)/4. Let o be ((-2)/(-3))/(c/(-45) + -5). Let b(z) = z**2 - 5*z - 3. Give b(o).
3
Let y(c) = 31*c**2 - 14*c**2 - 16*c**2 - 5 + 6 + 4 + 12*c. Calculate y(-12).
5
Suppose 0*j - 4*j - 3*i = 14, i - 4 = 3*j. Let o(u) = 19*u + 2. Determine o(j).
-36
Let t(v) = 691*v**2 - 1382*v**2 + 10 - 12*v + 692*v**2 + 3*v. Give t(7).
-4
Let g = -24 + 26. Suppose -z - 5*i = 19, -4*z + g*i + 10 = -2. Let u(t) = -6*t**2 + 2*t - 1. Give u(z).
-5
Let o(j) = -30*j. Let i(u) = u**3 + 15*u**2 - 36*u - 33. Let w be i(-17). What is o(w)?
-30
Suppose 5*x + 3*f = 31, -2*x - f - f = -14. Suppose -43 = -x*v - 13. Let c(j) = -j**2 + 11*j - 7. Calculate c(v).
23
Suppose -5 = -5*b - 0*b. Let k(z) = -z + 2 + b + 4 - 6. Calculate k(3).
-2
Let v(f) = 6*f + 8. Let t be 15/(-6) - (-2)/(-20)*-5. Calculate v(t).
-4
Let c(t) = t**3 + 6*t**2 - 5*t + 6. Let p = 6 + -6. Suppose 2*u + u + 3 = p. Let m be (-2)/6*-21*u. Calculate c(m).
-8
Let a(k) = -5*k**2 + 9*k - 8. Let h(o) = -4*o**2 + 8*o - 7. Let x(d) = 5*a(d) - 6*h(d). Let s = -1 + -3. Calculate x(s).
-2
Suppose m - 13 + 6 = 0. Let o(p) = 11*p**2 - 5*p + m*p**2 + 4*p**2 - 23*p**2. Let h be 3 - (1 + 0) - 8. Give o(h).
-6
Let z(h) be the second derivative of -h**3/2 + 3*h + 30. Determine z(-8).
24
Let u be (8/24)/(-1)*(19 + -1). Let j(f) = 2 - 9*f**3 - 3*f + 10*f + f**3 + 7*f**3 - 5*f**2. What is j(u)?
-4
Let s(o) = 2*o + 1 + 4*o**3 - 3*o**3 + o**2 - 7 + 7. Give s(-1).
-1
Suppose 143 